 -409 + 392. Let o = r - w. Is 3 a factor of o?
True
Let w = -100 + 148. Let z = w - -96. Is z a multiple of 24?
True
Let n(i) be the second derivative of i**3/3 - i**2/2 + 9*i. Let j be n(2). Suppose -j*m + 4*m - 20 = 0. Does 14 divide m?
False
Let s = -919 + 1994. Does 43 divide s?
True
Let a = 38 + -34. Suppose -3*g + a*p = g - 164, g = 3*p + 37. Is g a multiple of 8?
False
Let g(a) = 4*a**2 - 15*a + 622. Is 27 a factor of g(20)?
False
Let n = 26 - 7. Is n a multiple of 19?
True
Let a(h) be the third derivative of h**6/120 - 7*h**5/60 - h**4/6 - 4*h**3/3 - 11*h**2. Is a(8) a multiple of 6?
True
Let g be 3/5 + 143/(-55). Does 27 divide (108/8)/(g/(-12))?
True
Let z = -1 - 2. Let i(x) = 18*x**2 + x + 3. Is 10 a factor of i(z)?
False
Let y(d) = -d**2 + 13*d - 12. Let b = -11 + 19. Does 7 divide y(b)?
True
Suppose -j = -3*l + 423, -5*l = 3*j - 694 + 3. Let g = l + -65. Is 13 a factor of g?
False
Suppose -t + 4*t + 5*x = 15, -2*t - 15 = -5*x. Suppose t*a - 2*a = 8. Does 16 divide a/10 - 1261/(-65)?
False
Let j = -255 + 435. Is 40/j - (2437/(-9) - 1) a multiple of 34?
True
Let m = -15 + 18. Let o be -6*(-5)/m - 4. Suppose 3*v - o*v + 180 = 0. Is 20 a factor of v?
True
Let s(p) = -12*p - 1. Let v be s(-5). Suppose n + 2 = 0, -3*c = -3*n + 4*n + 98. Let m = v + c. Is 9 a factor of m?
True
Suppose -30 = 9*k + 6. Does 21 divide -12*(38/(-12) + k/12)?
True
Let q(r) = -r**2 + 17*r + 8. Let d(v) = -v**2 + 17*v + 8. Let u(h) = -4*d(h) + 5*q(h). Is 17 a factor of u(12)?
True
Is (-78)/(-429) + 38892/22 a multiple of 113?
False
Let n be ((-1)/(-3))/(8/(-120)). Let d be 3 - ((-2 - n) + -2). Suppose -m = -5*z + 231, d*z - 51 = z + 5*m. Does 15 divide z?
False
Suppose -d + 236 = -4*y, -3*d - 2*y = -3*y - 719. Is d a multiple of 9?
False
Let t(l) = -l**3 - 4*l**2 - 6*l - 6. Let y be t(-4). Suppose -y = -g - 0*g. Does 5 divide g - 0 - (-3 - -1)?
True
Let t(p) = -32*p**3 - 5*p**2 - 3*p + 3. Let s be t(-2). Suppose -3*d + 112 + s = 0. Is d a multiple of 7?
True
Let f = -15 - -13. Let p be 15 + (4 + -4)/f. Let s = p + 11. Does 15 divide s?
False
Let v(a) = 6*a**3 + a**2 + 19*a + 10. Does 18 divide v(8)?
False
Suppose 8 = 5*s + 3. Is 25 a factor of -3 - -144 - -4*s?
False
Is ((-287)/(-82))/((-1)/(-24)) a multiple of 28?
True
Let y be 3*3 - (-140)/(-28). Suppose y - 9 = 5*h, -3*s = h - 239. Is 3 a factor of s?
False
Let u = -8 + 11. Let v be (-5)/((u + -2)/(-1)). Suppose r + 44 = v*r. Is r a multiple of 5?
False
Suppose 0 = 2*w + 3*w + 2*f - 113, -4*f - 96 = -4*w. Let q be -1*(-2)/(-4)*-166. Let t = q - w. Is 10 a factor of t?
True
Let y = -233 - -465. Does 27 divide y?
False
Let g(z) = z**2 - 17*z + 22. Let c be g(15). Let m = 0 - c. Is (-308)/(-12) + m/6 a multiple of 7?
False
Suppose 11*k - 1 = 21. Suppose 336 = -k*t + 5*t. Does 16 divide t?
True
Let g(r) be the first derivative of -9*r**2 - 42*r + 15. Is 27 a factor of g(-7)?
False
Let g = -3890 - -5980. Is g a multiple of 10?
True
Suppose 2*h - 4*h + 6 = a, -a = h - 4. Suppose 2*o - 2 = h. Suppose o*k + 4*z - 102 = 0, 0 = -2*k - 2*z + z + 102. Does 24 divide k?
False
Let w = -25 - -35. Let b = w + -24. Does 6 divide (-2 + 5)/((-3)/b)?
False
Let i be (2 + -1)/((-6)/(-294)). Suppose i*k = 56*k - 679. Does 13 divide k?
False
Let p = -1 - -162. Is p a multiple of 13?
False
Let h be ((-3)/2)/((-36)/1680). Suppose 0*s = -2*w + 2*s + h, -w - 4*s + 50 = 0. Does 17 divide w?
False
Is 12 a factor of 15*(-81)/(-180)*64/2?
True
Let u(p) be the second derivative of 9*p**3 + 4*p. Let r be u(1). Is ((-6)/(-3) + r)*1 a multiple of 26?
False
Let v = -54 - -75. Suppose 0 = -d + 2*d - v. Is d a multiple of 21?
True
Let f(n) = n + 10. Let h be f(-3). Suppose 5*t - 127 + h = 0. Is t a multiple of 12?
True
Suppose 0 = -7*f + 6*f - 3*m - 4, -35 = -4*f + 5*m. Suppose 2*l + 409 = 6*l + f*u, 0 = -u - 3. Is l a multiple of 21?
False
Does 4 divide 21/9*(-432)/(-168)*83?
False
Let x = 152 - 79. Is x a multiple of 7?
False
Suppose 2*v - v + 176 = 0. Let z = -173 - v. Is z even?
False
Suppose 0 = -0*o - 3*o - 27. Let z = o + 14. Suppose -7*d = -3*d, 250 = z*w - 4*d. Does 25 divide w?
True
Let w = 17 - 12. Let d(l) = -l**2 + 13*l - 6. Is 16 a factor of d(w)?
False
Suppose -1529 = -4*y + 6*f - 3*f, 3*y - 1148 = f. Is y a multiple of 24?
False
Suppose 31*u - 101339 = -18383. Is 94 a factor of u?
False
Let x(l) = l**2 - 2 + 11 - 9*l - 4 + 6. Let z be x(6). Let a = -3 - z. Is a a multiple of 3?
False
Does 25 divide (-24)/(-84) - 416/(-14)?
False
Let m = -22 + 22. Suppose 4*s - 4*h - 20 = 0, -5 = -s + 5*h - m. Suppose -31 = s*k - 81. Does 10 divide k?
True
Let u = 787 + -423. Does 7 divide u?
True
Let k = -10 + 12. Suppose 0 = -4*a + k*y + 100, 8 = -y - y. Let b = -16 + a. Is b a multiple of 4?
False
Is 13 a factor of (-528)/198*(1 - (-3362)/(-8))?
True
Let o(c) = 10*c - 4. Let h(j) = 7*j - 4. Let q(z) = -4*h(z) + 3*o(z). Suppose -12 = -6*n + 2*n. Does 4 divide q(n)?
False
Let i(x) = x - 8. Let q be i(-5). Let s(v) = -18*v - 52. Does 8 divide s(q)?
False
Let x(w) = 11 - 19*w + 3 + 18*w. Let c be x(9). Suppose -h = r - 10, h - c*r - 3 + 17 = 0. Is h even?
True
Let d = -91 - -93. Is -4 + d*(-884)/8*-1 a multiple of 52?
False
Suppose 0 = -2*t + 173 - 35. Suppose -3*v = q - t, 2*q - 78 - 84 = 2*v. Is 39 a factor of q?
True
Does 18 divide (24/5)/((-78)/(-1755))?
True
Let n = 6 - 0. Is 3440/48 + 2/n a multiple of 8?
True
Let j be (-209)/(-6) - (-3)/18. Does 39 divide 4615/j + 4/28?
False
Let a be (-16)/(-2) - 18/18. Let z(o) = -o**3 + 9*o**2 - 5*o + 14. Is 11 a factor of z(a)?
True
Suppose 7*i + 2*j - 7599 = 0, 8*i + 5427 = 13*i + j. Is i a multiple of 5?
True
Let j be (-3 + -2)*42/(-15). Let h = j - 27. Let i(b) = -b. Does 13 divide i(h)?
True
Let n = -28 + 30. Suppose 3*q + 26 = n*f, 60 = 4*f + 2*q - 6*q. Is 19 a factor of f?
True
Let g(m) = -m**3 + 10*m**2 - 12*m + 11. Let i be g(8). Suppose -3*z - 2*l = 14 + 8, -2*z - 3*l = 8. Is (-4)/z*(i - -2) a multiple of 8?
False
Let p(o) = -4*o**3 - o**2 + 3*o**3 + 5 + 6*o**2 + 8*o. Let f(n) = -n**3 + 8*n + 3. Let a be f(-3). Is 17 a factor of p(a)?
True
Let r(o) = 19*o + 1. Let s = -6 + 8. Let v be r(s). Let w = v - 0. Is 8 a factor of w?
False
Let n(z) = -z**2 + 28*z - 11. Suppose 0 = 3*r - 40 - 38. Is n(r) a multiple of 4?
False
Suppose -4*j + 4 = 2*t, t + 4*j + 1 = j. Let i be -1 - t/(-6)*3. Suppose -3*f - 4*q + 71 = -2*q, -i*f - 3*q + 72 = 0. Is f a multiple of 6?
False
Suppose -22*t + 0*t = -15730. Does 30 divide t?
False
Suppose 0 = -5*q + 3*m + 154, 5*q - 5*m = -57 + 207. Let b = q - 17. Does 4 divide b?
False
Let p(b) = 3*b + 2. Let g be p(-1). Is g*1 - (-40 + 8) a multiple of 14?
False
Suppose 2*u - 78 = 4*i - 6*i, -4*u = -4*i - 196. Does 4 divide u?
True
Let r = -25 - -17. Let v(y) = y**2 + 8*y + 5. Let q be v(r). Let i(b) = 8*b + 5. Is i(q) a multiple of 24?
False
Let r(p) = 4*p**2 + 2. Let n be r(1). Is (-8)/(-2) + 96/n a multiple of 20?
True
Let n = 625 - 443. Is n a multiple of 13?
True
Let d = 13 - 9. Let i(q) = -q**2 + 3*q + 2. Let z be i(d). Does 13 divide ((-6)/5)/(z/45)?
False
Suppose 4*z = 291 + 389. Suppose -i + 5*i = -x + 318, 0 = 2*i - 5*x - z. Is i a multiple of 40?
True
Let q(i) = -11*i - 3*i**2 + 4*i**2 - 4*i**2 + 4*i**2 + 13. Let d be q(9). Let b = d - -14. Is 4 a factor of b?
False
Suppose -4*s - 5*i = -152 - 172, -4*s + 4*i + 324 = 0. Is s a multiple of 5?
False
Is 65 a factor of 500*((-644)/(-35) + -8)?
True
Let n(a) be the second derivative of -a**4/4 + a**3/6 + 35*a**2/2 - 17*a. Is n(0) a multiple of 5?
True
Let n(o) = 1 + 22 + 15*o + 20 - 78. Does 10 divide n(13)?
True
Let k(b) = -b**3 - 9*b**2 + 21*b + 37. Is 40 a factor of k(-13)?
True
Suppose -3*z = 4*m - 115 - 34, 0 = -3*m + 5*z + 90. Suppose -2*c + 2*w = -m - 23, 4*c + w = 131. Does 16 divide c?
True
Let y(k) = -130*k**3 + 16*k**2 - 3*k. Does 13 divide y(-2)?
False
Suppose 0 = 4*d - 2*f - 2, -d + 2*d - f = 2. Let i be 5 + (-3 - d - -4). Let g = 5 + i. Is 12 a factor of g?
True
Is 9*-3*(-624)/72*9 a multiple of 13?
True
Suppose -j + 151 = 4*t, 0 = j + 25*t - 20*t - 153. Is 13 a factor of j?
True
Does 5 divide (-19 + -2)*(-17 - -12)?
True
Let b be 10/35 + 4/(-14). Suppose 10 = 2*t - m - 11, m + 5 = b. Is t a multiple of 4?
True
Suppose -2*n + 2*m = -n - 433, 4*n - 4*m = 1724. Is n a multiple of 39?
True
Let n be (-4)/(-